on divisor of 4956 and 32088.
84
Calculate the highest common divisor of 50594 and 164.
82
Calculate the greatest common factor of 540255 and 390.
15
Calculate the highest common factor of 261 and 829719.
261
Calculate the greatest common divisor of 118948 and 1572.
524
Calculate the greatest common factor of 4914 and 338436.
126
Calculate the greatest common divisor of 41259 and 153.
51
What is the highest common divisor of 586 and 1777?
1
What is the highest common factor of 364194 and 18?
18
What is the highest common divisor of 34247 and 851?
23
What is the greatest common divisor of 6814 and 2?
2
Calculate the greatest common factor of 454182 and 236.
118
What is the highest common divisor of 14491 and 9761?
43
What is the greatest common divisor of 230148 and 324?
108
What is the greatest common factor of 81982 and 179?
179
What is the greatest common divisor of 552 and 1984?
8
What is the highest common divisor of 6571 and 2?
1
What is the highest common factor of 501048 and 72?
72
Calculate the highest common divisor of 74613 and 2907.
969
Calculate the highest common factor of 555 and 510489.
111
Calculate the greatest common factor of 10907 and 679590.
839
What is the highest common divisor of 1856 and 832?
64
Calculate the highest common factor of 16 and 4012.
4
Calculate the greatest common factor of 106 and 62.
2
Calculate the greatest common factor of 27 and 5085.
9
Calculate the highest common divisor of 71 and 249281.
71
What is the greatest common factor of 126 and 154620?
18
What is the greatest common divisor of 7736 and 88?
8
Calculate the greatest common factor of 4599 and 294.
21
What is the highest common factor of 3667 and 4439?
193
What is the highest common factor of 18400 and 16?
16
What is the greatest common divisor of 616272 and 3108?
444
Calculate the greatest common divisor of 6303 and 649.
11
What is the greatest common divisor of 15047 and 5494?
41
What is the highest common factor of 343084 and 28?
28
What is the greatest common factor of 843009 and 1896?
237
What is the highest common factor of 17076 and 2088?
12
What is the highest common factor of 1148 and 197792?
28
What is the greatest common divisor of 117 and 222534?
117
Calculate the greatest common factor of 72561 and 9514.
67
What is the greatest common divisor of 484145 and 185?
185
What is the highest common factor of 49092 and 108?
12
What is the greatest common factor of 21460 and 16420?
20
What is the greatest common divisor of 1162422 and 36?
18
Calculate the greatest common factor of 810 and 110.
10
What is the highest common factor of 86292 and 1224?
612
What is the highest common divisor of 144 and 5196744?
72
Calculate the highest common divisor of 8370 and 104470.
310
What is the greatest common factor of 25788 and 588?
84
Calculate the highest common factor of 128988 and 1620.
36
What is the highest common divisor of 32 and 229552?
16
What is the highest common divisor of 201 and 346457?
67
Calculate the greatest common divisor of 390878 and 134.
134
Calculate the highest common divisor of 8 and 4436616.
8
Calculate the greatest common divisor of 29316 and 8001.
21
What is the highest common factor of 729554 and 186?
62
Calculate the highest common divisor of 3176 and 18424.
8
What is the greatest common factor of 4661 and 16815?
59
What is the highest common divisor of 204 and 1907502?
102
Calculate the greatest common divisor of 1000 and 5185000.
1000
What is the highest common divisor of 958188 and 119?
119
Calculate the greatest common divisor of 304452 and 20.
4
What is the greatest common factor of 9 and 199611?
9
Calculate the greatest common divisor of 2296 and 154.
14
Calculate the highest common divisor of 125359 and 52.
13
What is the highest common factor of 590 and 165023?
59
Calculate the greatest common factor of 1377 and 3536.
17
Calculate the greatest common divisor of 4 and 10810.
2
What is the highest common divisor of 195 and 17589?
39
What is the highest common divisor of 69938 and 102?
34
Calculate the highest common factor of 27467 and 374.
11
What is the highest common divisor of 108 and 15516?
36
What is the greatest common factor of 21957 and 975?
39
What is the greatest common factor of 384 and 24788?
4
What is the greatest common factor of 7584 and 869?
79
What is the greatest common factor of 4004 and 14?
14
What is the greatest common factor of 2258892 and 51?
51
Calculate the highest common factor of 20 and 451970.
10
Calculate the greatest common divisor of 41364 and 108.
108
Calculate the greatest common divisor of 59067 and 1476.
9
What is the greatest common factor of 11685 and 17385?
285
Calculate the greatest common divisor of 1602 and 192.
6
Calculate the greatest common divisor of 312 and 322296.
312
What is the highest common factor of 147 and 323694?
147
Calculate the greatest common factor of 14 and 23626.
2
What is the highest common factor of 250724 and 3040?
76
Calculate the highest common factor of 170739 and 12627.
549
Calculate the greatest common divisor of 7056 and 977760.
1008
Calculate the highest common divisor of 458199 and 441.
441
Calculate the greatest common factor of 2575 and 4223.
103
Calculate the highest common factor of 2422266 and 77.
77
What is the greatest common divisor of 295032 and 57?
57
Calculate the greatest common factor of 25120 and 880.
80
Calculate the greatest common factor of 6812 and 1768.
52
What is the highest common divisor of 316333 and 137?
137
Calculate the highest common factor of 12 and 334164.
12
What is the greatest common factor of 844 and 236?
4
Calculate the highest common divisor of 8479 and 1251.
139
What is the highest common divisor of 40488 and 14616?
168
What is the greatest common factor of 1100 and 75690?
10
What is the greatest common factor of 306 and 7242?
102
Calculate the greatest common factor of 51894 and 14.
2
Calculate the greatest common divisor of 148583 and 31.
31
Calculate the greatest common divisor of 9854 and 238012.
758
Calculate the greatest common factor of 10795 and 1190.
85
What is the greatest common divisor of 75176 and 8?
8
Calculate the highest common divisor of 483370 and 50.
10
What is the highest common factor of 33 and 136551?
3
Calculate the greatest common factor of 882 and 546.
42
Calculate the greatest common divisor of 148874 and 268.
134
What is the highest common factor of 201586 and 2178?
242
Calculate the highest common divisor of 2551631 and 37.
37
What is the greatest common factor of 26 and 762788?
26
What is the greatest common divisor of 28 and 740?
4
Calculate the highest common factor of 2133 and 1809.
27
Calculate the greatest common factor of 37 and 103933.
37
Calculate the greatest common factor of 11938 and 24722.
94
What is the greatest common divisor of 100311 and 174?
87
What is the highest common factor of 133550 and 100?
50
Calculate the greatest common divisor of 1626 and 1650932.
542
What is the greatest common divisor of 112749 and 819?
273
Calculate the greatest common divisor of 930 and 92535.
465
Calculate the greatest common divisor of 1029985 and 915.
305
Calculate the greatest common divisor of 924 and 16093.
77
What is the greatest common divisor of 48263 and 1336?
167
What is the greatest common factor of 187 and 104159?
187
What is the greatest common factor of 62568 and 1683?
99
What is the highest common factor of 314 and 23707?
157
What is the highest common factor of 72 and 160614?
18
What is the greatest common divisor of 63665 and 170?
85
Calculate the highest common divisor of 2453473 and 737.
737
Calculate the highest common factor of 63 and 861.
21
Calculate the greatest common factor of 224112 and 336.
336
Calculate the highest common divisor of 425 and 4709.
17
Calculate the greatest common factor of 5244 and 677304.
276
What is the greatest common divisor of 2573547 and 261?
87
What is the highest common factor of 22214 and 40981?
383
What is the highest common factor of 91 and 197366?
13
What is the highest common divisor of 148268 and 909?
101
What is the highest common divisor of 6725 and 75?
25
What is the highest common divisor of 55608 and 33768?
168
Calculate the greatest common divisor of 45990 and 13440.
210
What is the highest common divisor of 354